 p**3 - 3*p**2 - 18*p + 38. Calculate d(5).
-2
Let z(k) = 126*k - 630. Determine z(5).
0
Let l(y) = y**3 - 2*y**2 + 40*y - 3520. Calculate l(15).
5
Let u(p) = -25*p - 241. Give u(-7).
-66
Let y(c) = c**3 + 17*c**2 - 26*c + 25. What is y(-18)?
169
Let h(g) = 2*g**3 - 19*g**2 + 25*g - 4. What is h(7)?
-74
Let u(o) = -188*o - 7828. Calculate u(-41).
-120
Let n(p) = -p**2 + 89*p + 1130. Determine n(-11).
30
Let c(k) = 77*k**2 - 14*k + 31. What is c(2)?
311
Let p(t) = -95*t - 1146. Determine p(-12).
-6
Let n(z) = 73*z - 2060. Determine n(28).
-16
Let u(b) = 252*b + 2499. Calculate u(-10).
-21
Let s(j) = 65*j - 5162. Give s(79).
-27
Let y(t) = -13*t**2 + 10*t + 9. Determine y(-1).
-14
Let b(d) = -112*d + 3414. Determine b(30).
54
Let v(j) = -4*j**3 + 84*j**2 + 14*j - 1872. Calculate v(20).
8
Let d(v) = -3*v**2 - 26*v - 162. Determine d(-7).
-127
Let h(k) = -53*k - 46. Determine h(-2).
60
Let k(i) = -22*i + 1525. Give k(72).
-59
Let q(c) = -671*c + 28841. What is q(43)?
-12
Let c(u) = -3*u**3 - 22*u**2 - 3*u + 13. Determine c(-7).
-15
Let m(a) = -5*a**3 - 3*a**2 - 4*a + 4. Give m(-2).
40
Let r(x) = -x**3 - 37*x**2 + 5*x + 17. What is r(-37)?
-168
Let c(n) = 9*n**3 + 82*n**2 - 189*n + 4. Give c(-11).
26
Let y(z) = 7*z**2 + 64*z + 286. Give y(-5).
141
Let p(k) = -k**3 + 12*k**2 + 6*k + 7. Give p(5).
212
Let r(o) = o**3 - 10*o**2 + 21*o - 6. Give r(10).
204
Let g(v) = -460*v + 389. What is g(3)?
-991
Let d(l) = -l**3 + 2*l**2 + 25*l - 55. Calculate d(5).
-5
Let r(s) = 71*s - 12496. Calculate r(176).
0
Let d(n) = n**2 - 81*n + 389. What is d(76)?
9
Let q(z) = -186*z + 1321. What is q(7)?
19
Let c(g) = -28*g - 812. What is c(-24)?
-140
Let f(i) = i**2 - 27*i - 30. Determine f(27).
-30
Let o(f) = f**3 + 13*f**2 + f - 70. Calculate o(-12).
62
Let g(d) = -149*d - 19372. Determine g(-130).
-2
Let l(q) = -q**2 - 55*q + 25. Give l(-54).
79
Let h(v) = 35*v - 951. What is h(27)?
-6
Let t(l) = -18*l + 171. Give t(9).
9
Let b(f) = 64*f + 96. What is b(-3)?
-96
Let o(a) = 28*a**2 + 365*a + 22. Determine o(-13).
9
Let g(j) = -j**2 + 44*j - 303. What is g(14)?
117
Let q(p) = -2*p**2 - 27*p + 1. Calculate q(-13).
14
Let c(b) = 2*b**2 + 42*b - 4. What is c(-10)?
-224
Let v(t) = -2*t**2 + 65*t + 72. What is v(33)?
39
Let q(t) = -200*t + 1422. Calculate q(7).
22
Let m(f) = -2*f**2 + 40*f - 242. Determine m(21).
-284
Let q(c) = 2*c**2 + 328*c - 2555. Give q(8).
197
Let k(c) = -c**3 - 44*c**2 - 164*c + 3. Determine k(-4).
19
Let m(l) = -5*l**3 + 45*l**2 - 3*l + 31. Calculate m(9).
4
Let w(o) = -o**2 - 26*o - 26. Determine w(-21).
79
Let t(h) = -h**3 + 22*h**2 - 2*h + 56. Determine t(22).
12
Let b(c) = c**3 + 13*c**2 + 23*c + 39. Calculate b(-12).
-93
Let k(l) = -12262*l - 85830. Calculate k(-7).
4
Let v(j) = -1098*j + 53799. What is v(49)?
-3
Let f(r) = -5*r**2 - 19*r + 53. Determine f(3).
-49
Let n(j) = -67*j + 172. Determine n(3).
-29
Let r(a) = 2*a**2 - 52*a - 530. Calculate r(-11).
284
Let i(n) = -1521*n**2 + 1526*n - 4. Give i(1).
1
Let v(f) = -f**2 + 28*f - 104. Give v(20).
56
Let j(q) = 2*q**2 + 109*q - 1930. Calculate j(14).
-12
Let j(p) = 449*p + 482. Calculate j(-1).
33
Let o(f) = -193*f + 982. Give o(5).
17
Let u(r) = r**3 - 14*r**2 - 196*r - 173. Give u(-8).
-13
Let t(i) = -i**3 + 10*i**2 - 16*i - 11. Calculate t(8).
-11
Let y(j) = -5*j**2 + 43*j - 75. Calculate y(2).
-9
Let g(n) = -16*n**2 + 11*n - 18. Determine g(2).
-60
Let i(v) = v**3 - 49*v**2 + 152*v - 54. Calculate i(3).
-12
Let d(w) = -29*w - 288. Calculate d(-10).
2
Let j(a) = -8*a**3 - 70*a**2 + 10*a - 17. Calculate j(-9).
55
Let g(z) = -z**3 - 13*z**2 - 16*z + 21. Give g(-8).
-171
Let b(w) = -w**3 - 2*w**2 - 30*w - 184. Give b(-6).
140
Let m(d) = d**2 - 5*d - 66. Give m(-8).
38
Let p(a) = -6*a + 138. Give p(6).
102
Let g(t) = -22*t**2 - 2*t + 7. Give g(1).
-17
Let k(y) = -y**2 - 3*y + 17. Give k(5).
-23
Let d(k) = k**3 - 50*k**2 + 295*k + 39. Determine d(7).
-3
Let o(p) = -p**2 - 126*p + 389. Determine o(3).
2
Let l(f) = 2*f**3 - 190*f**2 - 195*f + 287. Give l(96).
-1
Let v(k) = -56*k + 929. Determine v(19).
-135
Let s(p) = -33*p + 82. Give s(3).
-17
Let q(a) = 2*a**2 + 213*a + 1142. Calculate q(-101).
31
Let m(r) = -40*r + 1679. What is m(20)?
879
Let s(r) = 87*r - 1220. Determine s(13).
-89
Let z(o) = 112*o - 875. Calculate z(8).
21
Let p(h) = 406*h + 5684. Give p(-14).
0
Let z(f) = 91*f + 1537. Determine z(-17).
-10
Let l(v) = -3*v**2 + 30*v + 13. Calculate l(0).
13
Let h(f) = -f**3 - 22*f**2 + 28*f + 15. What is h(-23)?
-100
Let i(k) = -20*k**2 + 2091*k - 3190. Calculate i(103).
3
Let v(o) = 21*o - 443. Determine v(18).
-65
Let w(b) = 70*b - 440. Give w(6).
-20
Let v(m) = m**2 + 489*m + 59627. What is v(-232)?
3
Let m(n) = 2*n**2 - 59*n + 399. Give m(20).
19
Let g(l) = -5*l**3 - 4*l**2 - 15*l + 51. Give g(3).
-165
Let y(r) = -r**3 + 10*r**2 + 123*r - 2. Determine y(17).
66
Let y(c) = 12*c**3 - 2*c**2 - 47*c + 94. Calculate y(2).
88
Let a(o) = 31*o + 78. Determine a(3).
171
Let n(o) = o**2 + 557*o + 67056. Determine n(-381).
0
Let u(a) = -23*a - 388. What is u(-18)?
26
Let k(x) = 196*x + 13561. Calculate k(-69).
37
Let k(u) = -3*u**3 + 45*u**2 - 87*u + 123. What is k(13)?
6
Let m(c) = -151*c + 18. Determine m(2).
-284
Let y(s) = -2*s**3 + 21*s**2 - 40*s - 5. Give y(8).
-5
Let r(p) = -1541*p + 95547. What is r(62)?
5
Let y(x) = -2*x**3 + 7*x - 23. What is y(2)?
-25
Let u(c) = -10*c - 114. Give u(-15).
36
Let i(x) = -x**3 - 13*x**2 + 9*x + 8. Determine i(6).
-622
Let s(y) = y**2 + 41*y - 477. Determine s(-53).
159
Let c(a) = 26*a + 101. Give c(-6).
-55
Let x(s) = -8*s**3 - 158*s**2 + 34*s - 49. What is x(-20)?
71
Let a(p) = -p**2 - p + 9. Determine a(6).
-33
Let o(l) = -1717*l + 18886. What is o(11)?
-1
Let y(f) = f**3 - 4*f**2 - 351*f + 72. What is y(-17)?
-30
Let d(i) = i**2 - 30*i - 782. What is d(-16)?
-46
Let i(g) = -g**2 + 141*g - 3242. Calculate i(29).
6
Let s(h) = -h**3 + 32*h**2 + 312*h + 324. Give s(40).
4
Let r(s) = 7065*s + 14135. Calculate r(-2).
5
Let o(r) = 8*r**2 - 71*r - 38. Determine o(5).
-193
Let r(b) = b**2 + 81*b - 1095. Calculate r(-93).
21
Let q(f) = f**3 + 21*f**2 - 101*f - 10. Calculate q(-25).
15
Let t(n) = -n**2 + 15*n - 16. Give t(7).
40
Let w(u) = 151*u - 6844. Calculate w(46).
102
Let k(n) = -n**3 - 30*n**2 + 60*n - 123. Determine k(-32).
5
Let v(i) = -2*i**2 - 54*i - 348. What is v(-17)?
-8
Let l(y) = -4*y**3 - 1198*y**2 + 594*y - 1829. Calculate l(-300).
-29
Let t(j) = -222*j - 7754. Determine t(-35).
16
Let c(k) = -2807*k - 39293. Determine c(-14).
5
Let l(h) = -14*h - 99. Give l(-5).
-29
Let g(x) = -x**3 + 21*x**2 + 313*x - 95. Calculate g(31).
-2
Let t(r) = 331*r - 9255. What is t(28)?
13
Let d(u) = u**3 - 30*u**2 + 118*u - 3. Determine d(24).
-627
Let l(j) = j**3 + 7*j**2 - 23*j - 171. Calculate l(-6).
3
Let l(u) = 386*u + 7933. What is l(-20)?
213
Let i(p) = -p**3 + 21*p**2 - 137*p + 919. Calculate i(16).
7
Let w(x) = -22*x**3 + 8*x**2 + 3*x - 5. Give w(2).
-143
Let d(z) = -z**2 + 13*z - 95. Give d(15).
-125
Let d(y) = 2812*y - 56235. What is d(20)?
5
Let b(u) = -10*u**2 + 381*u - 296. Calculate b(38).
-258
Let q(z) = -z**2 + 56*z - 683. Determine q(37).
20
Let n(k) = -11*k**2 - 843*k + 306. Determine n(-77).
-2
Let i(y) = 309*y - 7719. What is i(25)?
6
Let v(u) = 7*u**2 - 334*u + 242. Give v(47).
7
Let f(x) = -2*x**3 - 37*x**2 + 49*x - 8. Determine f(-20).
212
Let m(v) = 44*v - 592. Determine m(13).
-20
Let f(m) = -2*m**2 - 38*m - 103. What is f(-14)?
37
Let d(z) = -339*z - 10163. Calculate d(-30).
7
Let b(x) = x**2 - 5*x - 189. Give b(16).
-13
Let j(x) = -2019*x - 10099. Give j(-5).
-4
Let k(g) = -8*g**2 + 23*g - 177. Calculate k(7).
-408
Let b(v) = -3*v**2 + 93*v - 7. Determine b(31).
-7
Let t(m) = m**3 - 24*m**2 + 138*m + 38. Give t(14).
10
Let y(o) = -111*o - 83. Determine y(-2).
139
Let y(x) = 4*x**2 + 15*x - 20. Give y(-10).
230
Let f(i) = 5*i**3 - 20*i**2 + 11*i - 5. Calculate f(4).
39
Let o(j) = 222*j + 228. Calculate o(-2).
-216
Let u(p) = 65*p - 130. Calculate u(8).
390
Let k(f) = -f**2 - 99*f + 2809. Determine k(-122).
3
Let u(h) = 189*h + 25. What is u(-3)?
-542
Let s(n) = -6*n**2 - 2438*n + 35309. Calculate s(14).
1
Let j(w) = -3*w - 158. Calculate j(-80).
82
Let s(y) = -73*y + 232. Give s(3).
13
Let k(d) = -d**2 - 36*d - 364. Calculate k(-16).